3
Let j = -232 - -121. Let g be j/2 - 15/30. Let n = 16 - g. Calculate the greatest common divisor of 8 and n.
8
Let h = -1953 - -2165. Calculate the greatest common factor of 168 and h.
4
Suppose -3*z - 9*z + 5611 + 3329 = 0. Calculate the greatest common divisor of z and 5.
5
Suppose -4*h + 85 = -119. Suppose 4*n + 3*o - 70 - h = 0, -o = -3. What is the highest common factor of n and 14?
14
Suppose 0 = 4*g - 8, 6*d - 4*d = -g + 10. Let a be -2*(-2)/(d - 6). Let w be 82 + (44/(-33))/(a/3). What is the highest common divisor of w and 21?
21
Let y = 4040 + 211. What is the greatest common divisor of y and 39?
39
Let n be (24/(-20))/((-33)/3080). Suppose n*w = 102*w + 210. Calculate the greatest common divisor of 21 and w.
21
Suppose -319 = -z + 3*x, 73*z - 78*z - 2*x + 1578 = 0. Calculate the greatest common divisor of z and 1738.
158
Let r(p) = -7*p**3 - 11*p**2 + 4*p + 4. Let s be r(-4). Calculate the highest common divisor of 585 and s.
65
Let j be -58*117/(-52)*(-2)/(-3). Let a = j - -10. Let r = a - 78. Calculate the greatest common divisor of 38 and r.
19
Suppose 9*d + 22*d - 27*d = 464. Let z(f) = 376*f**2 + 2*f - 1. Let w be z(1). What is the highest common divisor of w and d?
29
Suppose 436 = 107*j - 1509 - 837. Suppose -2*t + 6*t = -208. Let a be 8/((-106)/t - 2). What is the greatest common divisor of a and j?
26
Suppose 0 = f + 2 - 0, -3*c - 4*f = 995. Let a = c - -336. Calculate the highest common factor of a and 63.
7
Let n be ((-48)/(-42))/(2/(-21)) + 50. Calculate the greatest common factor of n and 12198.
38
Suppose -4*p + 1345 = 4*i - 1403, 4*p - 8*i - 2760 = 0. Calculate the highest common factor of p and 215.
43
Let a = 6334 + 2458. What is the highest common divisor of a and 7?
7
Let y be 0 + 12/(-15)*5/(-1). Let w be (7 - y)/(-3 + (-14)/(-4)). Let c(v) = 4*v - 23. Let z be c(w). Calculate the greatest common factor of z and 4.
1
Let a(s) = 46*s**2 - 81*s - 87. Let k be a(-1). What is the highest common divisor of 1624 and k?
8
Suppose -5396 = 53*n - 55*n. Calculate the highest common divisor of 426 and n.
142
Let z(v) = 5*v - 131. Let n be z(25). Let q(a) = -a**3 - 3*a**2 + 16*a + 19. Let x be q(n). What is the greatest common divisor of x and 341?
31
Suppose 0*q + 5*q = -5*i + 135, 39 = i + 4*q. Let b = i + -8. Let k be b/12*4 + 1. Calculate the highest common factor of k and 9.
3
Suppose -446 = -7*j + 184. Let t be 2*(22/(-121) + j/11). Let k(c) = c - 10. Let p be k(t). What is the greatest common divisor of 42 and p?
6
Let k be -7 + (11180/325 - 1/(10/4)). What is the greatest common divisor of k and 927?
9
Suppose -2*b + x = -358, -b + 101 + 68 = 2*x. Suppose 51*h - 47*h - 204 = -4*m, m = 5*h - 303. Calculate the highest common divisor of b and h.
59
Let z(h) = 10*h**2 - 354*h + 3102. Let t be z(9). What is the greatest common factor of t and 7018?
242
Let r = 55 + -19. Let y(t) = 53*t + 89. Let u be y(-8). Let j = u - -339. Calculate the greatest common divisor of r and j.
4
Suppose -89*l + 183*l - 5278 = 92*l. Calculate the highest common divisor of l and 116.
29
Suppose -5916 = -4*f - 5*o, 3*f - 2948 = f - 5*o. What is the highest common factor of f and 112?
28
Let s be (-2 - -4) + -184 - (-4 + 3). Let u = -82 - s. Let g(v) = v**2 - 6*v - 7. Let d be g(8). What is the greatest common factor of d and u?
9
Let a(w) = -4*w + 7. Let s be a(-8). Let k = 3572 - 3377. Calculate the greatest common divisor of k and s.
39
Let k(x) = -16*x + 100. Suppose -11 = -25*l + 114. Let n be k(l). Calculate the highest common divisor of 70 and n.
10
Let m = -33 - -1367. Calculate the greatest common divisor of m and 322.
46
Let v = 316 + -316. Suppose v = -10*m - 11*m + 462. What is the greatest common factor of m and 121?
11
Let g be (0 + (-2)/(-2))*79. Suppose -6*p + 280 = -68. Let h = g - p. What is the greatest common factor of 7 and h?
7
Suppose 1213*w - 1217*w = 5*c - 8400, -3*c + 3*w + 5040 = 0. What is the greatest common divisor of 42 and c?
42
Let i = 169 + 125. Suppose -866 = 58*p - 144*p - 264. Suppose 0 = -p*k + k + i. Calculate the greatest common divisor of k and 7.
7
Let f be (-2 - (-88)/20)/(6/20). Suppose 0 = -5*n + f*n. Suppose n = -5*c, 18 = 2*m - 2*c + 2. Calculate the highest common factor of m and 64.
8
Suppose -4*g = -3*g + 121. Let s = -61 - g. Suppose -143*k + 996 = -4152. Calculate the highest common factor of s and k.
12
Suppose 0 = -11*c + 138 + 148. Suppose 0 = g - m - 29, 0*g - c = -g - 2*m. What is the highest common factor of 63 and g?
7
Suppose -15*f - 36 + 216 = 0. Suppose -4*a = 4*v - 4, -v - 29 + f = -5*a. Calculate the highest common divisor of 6 and a.
3
Suppose 4*g - 1788 = 3*a, g + 3*a = -0*a + 432. Let n = 516 - g. What is the highest common divisor of n and 24?
24
Let b(r) = -3*r - r**2 + 7*r + 99 - r - 2*r + 16*r. Let g be b(17). What is the greatest common divisor of 45 and g?
9
Let y(f) = -2*f**2 - 51*f + 36. Let w be y(-25). Let h = 83 - w. Calculate the greatest common factor of h and 88.
22
Let w be 47 + -43 + 4/(-2). Let k(z) = -8*z + 42. Let g be k(w). Let a = 66 - -12. What is the highest common factor of g and a?
26
Let z = -40057 - -40081. Let h be (1*42)/((-2)/(-8)). Calculate the greatest common factor of h and z.
24
Suppose 0 = -5*x + 148 + 22. Suppose 429*c + 322*c = 293004 + 164461 + 40448. Calculate the highest common factor of x and c.
17
Suppose -1574 = -4*x + 3*w, 5*x - 24*w - 2002 = -26*w. Calculate the greatest common divisor of x and 2.
2
Suppose 1732 + 1531 = -13*y. Let c = y - -273. What is the greatest common factor of c and 2?
2
Let p(y) = -10*y - 1. Let m be p(-6). Suppose 2*i + 0*i = 10, -4*i + m = t. Suppose 122 = o + 31. Calculate the greatest common divisor of o and t.
13
Let x be 12*((-3)/4 + (-6)/(-72)). Let s be ((-585)/(-26))/((-2)/(x/3)). Calculate the greatest common divisor of 24 and s.
6
Let x = -189 + 189. Suppose x = -4*p - m + 33, -4*p + 19 = -2*p + 3*m. What is the highest common factor of p and 248?
8
Let p be (28 + -11)/221 + (-142)/(-13). Let a(h) = -h**3 - 10*h**2 + 14*h - 17. Let m be a(-13). What is the highest common factor of m and p?
11
Let y(b) = 18*b + 12. Let l = -333 - -336. Let j be y(l). What is the greatest common divisor of 6 and j?
6
Let i be ((-314)/(-4))/(((-15)/10)/(-3)). Let n = 218 - i. What is the greatest common divisor of 1525 and n?
61
Suppose -a - 3*a + 4 = 0, 5*a + 539 = 4*y. Suppose 20*r - 392 - 628 = 0. Calculate the highest common divisor of r and y.
17
Suppose 2*p = 7 - 3. Suppose 0 = 4*t + 8 + 8, 2*o + t - 56 = 0. Suppose -5*z - 5*d = -55, -5 = 5*d - o. Calculate the highest common divisor of z and p.
2
Suppose 5*y - 15 = -30. Let v be ((-37 - -7)/y)/(2/10). What is the greatest common factor of v and 2?
2
Let w(j) = 13*j**2 - 34 - 67*j - 2*j**2 + 24. Let k be w(7). Calculate the greatest common divisor of k and 360.
60
Let m be 10 - (1 - 1 - -1). Suppose -y + 531 = -3*j, 10*y - 7*y + j - 1593 = 0. Let p = -530 + y. What is the greatest common factor of m and p?
1
Let i be -62 - 5/10*4. Let y = i + 87. Let u = y + -22. What is the greatest common factor of 2 and u?
1
Let c = 134 + 55. Let o(k) = 2*k**2 - 12*k - 17. Let b be o(10). What is the greatest common divisor of c and b?
63
Suppose 1198*s = 1212*s - 7098. What is the highest common divisor of s and 338?
169
Suppose -17*m - 4 = -2*p - 19*m, -p - 18 = 5*m. Suppose -4*i + 21 = -i. Calculate the highest common divisor of i and p.
7
Let u = 675 - 671. Suppose 0 = -u*q + 1119 + 353. Calculate the greatest common factor of 23 and q.
23
Suppose -31*b + 462 = -46*b + 26*b. Calculate the greatest common factor of b and 1785.
21
Let h be (15/(-20))/((-20)/480). Suppose 22*d - 584 = h*d. Calculate the highest common divisor of 657 and d.
73
Suppose 48083 - 14903 = 28*y. What is the greatest common divisor of y and 15?
15
Let c be (-92310)/(-285) - 20/(-190). Calculate the greatest common divisor of 126 and c.
18
Let q = -7698 + 14284. What is the highest common divisor of q and 74?
74
Let p(m) = 32*m**2 - m - 1. Let w be p(-1). Let u = -15 + w. Calculate the greatest common divisor of u and 119.
17
Let g = -1841 - -1916. Calculate the greatest common divisor of 3720 and g.
15
Let l = -425 + 428. Let z be 2/l*(-2 + -4 + 732). What is the highest common factor of z and